0 a multiple of 238?
False
Is 522 a factor of 17929656?
True
Is 223006812 a multiple of 28?
True
Is 2421745598 a multiple of 300?
False
Is 66469848 a multiple of 18?
False
Does 7310 divide 5263273100?
True
Is 3258569920 a multiple of 278?
False
Is 6647 a factor of 182585685?
False
Does 349 divide 32683112?
False
Is 270699514 a multiple of 349?
False
Is 386 a factor of 18639183?
False
Is 192925403 a multiple of 899?
False
Is 50820317 a multiple of 668?
False
Does 3 divide 2520264?
True
Is 240785662 a multiple of 424?
False
Does 78 divide 617170436?
False
Is 198 a factor of 140906898?
True
Is 1697 a factor of 2243107793?
False
Is 968259080 a multiple of 40?
True
Is 129 a factor of 19356708?
True
Is 1253095307 a multiple of 45?
False
Does 67 divide 12394757?
False
Does 1265 divide 101530165?
True
Is 9 a factor of 54394195?
False
Does 3 divide 86282643?
True
Does 11 divide 57685485?
True
Does 27 divide 218084922?
False
Does 51 divide 34994993?
False
Does 353 divide 53628074?
False
Is 48487152 a multiple of 336?
True
Is 2145 a factor of 20433200?
False
Does 51 divide 612874187?
False
Is 3468835110 a multiple of 130?
True
Is 98 a factor of 321612382?
True
Does 3615 divide 221905347?
False
Is 184 a factor of 108031867?
False
Is 488 a factor of 60994921?
False
Is 160815894 a multiple of 5?
False
Is 465007872 a multiple of 256?
True
Is 17526835 a multiple of 265?
True
Does 35 divide 41255619?
False
Does 458 divide 127607502?
True
Is 89135359 a multiple of 1948?
False
Is 660836119 a multiple of 2054?
False
Does 22 divide 8559728?
False
Is 265270941 a multiple of 9?
True
Is 479140826 a multiple of 14?
False
Is 5160 a factor of 561691575?
False
Is 9253808 a multiple of 9?
False
Is 16 a factor of 13691648?
True
Does 31 divide 121916707?
True
Does 75 divide 161200350?
True
Is 2185394998 a multiple of 90?
False
Is 42224622 a multiple of 111?
True
Is 95 a factor of 44522320?
True
Is 117057687 a multiple of 3?
True
Does 19 divide 556421156?
True
Is 86 a factor of 2123301?
False
Does 10 divide 111771068?
False
Is 135497001 a multiple of 78?
False
Does 14 divide 19966250?
False
Is 18 a factor of 9918420?
False
Does 3312 divide 232488893?
False
Does 49 divide 206065825?
True
Is 228 a factor of 56374140?
True
Is 68 a factor of 378766012?
False
Is 14059989 a multiple of 9?
True
Is 25 a factor of 66600075?
True
Does 36 divide 5002715?
False
Is 215 a factor of 1558343005?
True
Is 6397920 a multiple of 27?
True
Is 10325615 a multiple of 415?
True
Is 10752601 a multiple of 3?
False
Is 220 a factor of 71323725?
False
Is 90089355 a multiple of 635?
True
Does 20 divide 7655520?
True
Does 207 divide 27331872?
False
Is 20 a factor of 51655602?
False
Is 39 a factor of 171258864?
False
Is 354 a factor of 3353354187?
False
Is 4 a factor of 182742468?
True
Is 15 a factor of 56024070?
True
Does 7 divide 23568825?
True
Is 659697580 a multiple of 5?
True
Is 23 a factor of 25732118?
False
Does 130 divide 120790930?
True
Is 1601 a factor of 1758945316?
False
Is 1297920449 a multiple of 469?
True
Does 2663 divide 198190619?
False
Is 5 a factor of 67835202?
False
Is 2 a factor of 24661866?
True
Is 524 a factor of 212772294?
False
Is 167 a factor of 6195411?
False
Is 2384598140 a multiple of 28?
False
Is 1009671504 a multiple of 65?
False
Is 128 a factor of 127064832?
True
Does 100 divide 46564148?
False
Is 1545 a factor of 324173517?
False
Is 276717224 a multiple of 20?
False
Does 226 divide 197034710?
True
Is 11 a factor of 335065916?
False
Is 29 a factor of 2150731949?
False
Is 2301286722 a multiple of 14?
True
Is 6 a factor of 2623200?
True
Is 1186550 a multiple of 19?
True
Is 32711598 a multiple of 6?
True
Does 1008 divide 488506457?
False
Does 58 divide 3430223?
False
Does 893 divide 7226615355?
False
Is 3285672 a multiple of 8?
True
Is 398370894 a multiple of 14?
False
Is 14 a factor of 101546120?
False
Is 421 a factor of 4179781883?
True
Is 200 a factor of 1790733275?
False
Is 1198 a factor of 3734983583?
False
Does 3 divide 47232488?
False
Does 24 divide 61409472?
True
Is 3401262 a multiple of 560?
False
Is 230983984 a multiple of 599?
True
Is 66 a factor of 302234162?
False
Is 101 a factor of 136599183?
False
Is 2252896533 a multiple of 146?
False
Does 1938 divide 30054504?
True
Is 393 a factor of 36768294?
True
Does 55 divide 3562550167?
False
Is 1917737824 a multiple of 148?
True
Is 1639255680 a multiple of 60?
True
Is 14040810 a multiple of 45?
True
Is 35761278 a multiple of 294?
True
Is 181419364 a multiple of 14?
True
Does 149 divide 28831947?
True
Is 833 a factor of 146051115?
False
Is 2693891066 a multiple of 9051?
False
Is 5201057 a multiple of 4?
False
Does 151 divide 30026501?
True
Does 543 divide 711479507?
False
Does 26 divide 13170040?
True
Does 3024 divide 41840064?
True
Is 44807735 a multiple of 91?
False
Is 20 a factor of 83562734?
False
Is 28826469 a multiple of 4835?
False
Is 14575124 a multiple of 604?
True
Is 57 a factor of 179737201?
False
Is 10 a factor of 28513904?
False
Is 107 a factor of 254697511?
False
Does 129 divide 418608162?
False
Is 95 a factor of 16835520?
True
Is 115 a factor of 327653?
False
Is 1413 a factor of 63132840?
True
Is 249309986 a multiple of 364?
False
Is 21 a factor of 1686404727?
True
Is 144 a factor of 74692512?
True
Is 785163882 a multiple of 263?
True
Is 76067359 a multiple of 32?
False
Is 38243160 a multiple of 492?
True
Does 8732 divide 1065286536?
True
Is 19 a factor of 55724251?
False
Is 89181026 a multiple of 37?
True
Does 758 divide 653919020?
True
Is 16787295 a multiple of 35?
True
Does 1537 divide 78465387?
True
Is 67234460 a multiple of 292?
True
Does 1740 divide 54115740?
True
Is 2166131128 a multiple of 89?
True
Is 16397114 a multiple of 3358?
True
Is 162547843 a multiple of 598?
False
Does 74 divide 265293404?
True
Does 485 divide 2286355475?
True
Does 238 divide 2535311184?
True
Is 18 a factor of 87491376?
True
Does 114 divide 33870737?
False
Is 1243479693 a multiple of 3127?
True
Does 1182 divide 24150363?
False
Does 12 divide 97865772?
True
Is 789 a factor of 8790249?
True
Is 23 a factor of 92479389?
True
Is 96158951 a multiple of 81?
False
Does 98 divide 14129391?
False
Is 7 a factor of 1831133843?
True
Is 5070 a factor of 429307320?
True
Is 1796112593 a multiple of 101?
True
Is 3485781911 a multiple of 6037?
True
Is 206 a factor of 710271108?
True
Is 31906955 a multiple of 5?
True
Is 13 a factor of 507234446?
False
Is 169211244 a multiple of 212?
False
Is 799 a factor of 7378027?
False
Does 7055 divide 5265356?
False
Is 127 a factor of 65801279?
False
Is 5 a factor of 99550325?
True
Is 1598295 a multiple of 381?
True
Is 564126612 a multiple of 606?
True
Is 9629844 a multiple of 1678?
False
Does 750 divide 17928750?
True
Is 94 a factor of 3394601132?
True
Does 1777 divide 2220777318?
True
Is 2608123 a multiple of 833?
True
Is 8 a factor of 90233184?
True
Is 10 a factor of 153281620?
True
Is 1608647815 a multiple of 5053?
True
Is 3 a factor of 55106743?
False
Is 688051390 a multiple of 29?
True
Does 11 divide 22852066?
False
Does 6 divide 9414133?
False
Is 38 a factor of 5099752?
True
Is 69121209 a multiple of 188?
False
Is 42 a factor of 598618?
False
Is 814 a factor of 151205384?
True
Is 228 a factor of 1039488932?
False
Is 819297798 a multiple of 712?
False
Is 25223076 a multiple of 156?
False
Does 26 divide 9284132?
True
Does 6423 divide 121176318?
True
Does 5234 divide 519720498?
True
Is 599 a factor of 103570095?
True
Is 61227880 a multiple of 4?
True
Does 227 divide 3945033?
True
Does 956 divide 173928904?
True
Is 1354 a factor of 1816893334?
True
Is 295109774 a multiple of 4?
False
Is 48 a factor of 463503787?
False
Does 34 divide 52910018?
True
Is 570273163 a multiple of 52?
False
Does 940 divide 1070043360?
True
Is 1639 a factor of 10705948?
True
Is 199156094 a multiple of 122?
True
Is 3 a factor of 18620808?
True
Is 20 a factor of 2288553331?
False
Is 2286505431 a multiple of 263?
True
Is 3 a factor of 7664535?
True
Is 81353797 a multiple of 7?
True
Is 863 a factor of 3396479168?
False
Is 10 a factor of 448848700?
True
Does 111 divide 759664131?
True
Does 2848 divide 49297270?
False
Does 736 divide 23340244?
False
Is 58 a factor of 20861440?
True
Does 53 divide 157175598?
False
Is 576 a factor o